0
What is the thousands digit of 9172?
9
What is the tens digit of 1270?
7
What is the thousands digit of 7156?
7
What is the units digit of 2831?
1
What is the units digit of 5525?
5
What is the thousands digit of 2726?
2
What is the units digit of 13232?
2
What is the thousands digit of 12619?
2
What is the tens digit of 459?
5
What is the hundreds digit of 12848?
8
What is the tens digit of 10702?
0
What is the units digit of 2420?
0
What is the hundreds digit of 683?
6
What is the thousands digit of 68067?
8
What is the units digit of 1490?
0
What is the tens digit of 3950?
5
What is the thousands digit of 5729?
5
What is the thousands digit of 2460?
2
What is the units digit of 950?
0
What is the units digit of 43844?
4
What is the units digit of 1016?
6
What is the tens digit of 10727?
2
What is the tens digit of 3103?
0
What is the thousands digit of 8929?
8
What is the units digit of 46957?
7
What is the thousands digit of 62057?
2
What is the tens digit of 28722?
2
What is the hundreds digit of 765?
7
What is the ten thousands digit of 18562?
1
What is the hundreds digit of 380?
3
What is the hundreds digit of 11750?
7
What is the thousands digit of 2455?
2
What is the tens digit of 97498?
9
What is the tens digit of 861?
6
What is the units digit of 17154?
4
What is the thousands digit of 18048?
8
What is the units digit of 115888?
8
What is the hundreds digit of 1374?
3
What is the hundreds digit of 29987?
9
What is the units digit of 39170?
0
What is the hundreds digit of 198?
1
What is the units digit of 10584?
4
What is the units digit of 12683?
3
What is the units digit of 546?
6
What is the hundreds digit of 182?
1
What is the hundreds digit of 10060?
0
What is the thousands digit of 70741?
0
What is the hundreds digit of 15034?
0
What is the units digit of 359?
9
What is the hundreds digit of 335?
3
What is the units digit of 130636?
6
What is the thousands digit of 12184?
2
What is the units digit of 183?
3
What is the hundreds digit of 22657?
6
What is the units digit of 29?
9
What is the hundreds digit of 10958?
9
What is the hundreds digit of 145?
1
What is the units digit of 6919?
9
What is the tens digit of 56?
5
What is the tens digit of 15?
1
What is the hundreds digit of 913?
9
What is the hundreds digit of 2657?
6
What is the units digit of 943?
3
What is the thousands digit of 13539?
3
What is the hundreds digit of 3346?
3
What is the hundreds digit of 10944?
9
What is the tens digit of 827?
2
What is the tens digit of 25153?
5
What is the ten thousands digit of 34400?
3
What is the thousands digit of 53046?
3
What is the hundreds digit of 689?
6
What is the hundreds digit of 2068?
0
What is the units digit of 49928?
8
What is the thousands digit of 3761?
3
What is the tens digit of 6325?
2
What is the ten thousands digit of 99024?
9
What is the hundreds digit of 870?
8
What is the units digit of 13936?
6
What is the tens digit of 45405?
0
What is the thousands digit of 1129?
1
What is the hundreds digit of 2754?
7
What is the tens digit of 546?
4
What is the tens digit of 340?
4
What is the hundreds digit of 25015?
0
What is the thousands digit of 1017?
1
What is the thousands digit of 105770?
5
What is the units digit of 949?
9
What is the tens digit of 10959?
5
What is the ten thousands digit of 97824?
9
What is the tens digit of 1381?
8
What is the hundreds digit of 967?
9
What is the tens digit of 100?
0
What is the units digit of 4006?
6
What is the hundreds digit of 7370?
3
What is the hundreds digit of 87451?
4
What is the hundreds digit of 848?
8
What is the hundreds digit of 207?
2
What is the hundreds digit of 730?
7
What is the thousands digit of 1450?
1
What is the units digit of 2207?
7
What is the tens digit of 2016?
1
What is the thousands digit of 10990?
0
What is the units digit of 515?
5
What is the thousands digit of 61028?
1
What is the thousands digit of 9548?
9
What is the tens digit of 830?
3
What is the units digit of 20395?
5
What is the units digit of 61464?
4
What is the tens digit of 33063?
6
What is the thousands digit of 20278?
0
What is the hundreds digit of 1212?
2
What is the hundreds digit of 1797?
7
What is the thousands digit of 10421?
0
What is the thousands digit of 15852?
5
What is the thousands digit of 15250?
5
What is the units digit of 85716?
6
What is the thousands digit of 81122?
1
What is the units digit of 340?
0
What is the hundreds digit of 663?
6
What is the ten thousands digit of 49199?
4
What is the units digit of 4432?
2
What is the thousands digit of 1443?
1
What is the units digit of 77?
7
What is the tens digit of 6612?
1
What is the units digit of 477?
7
What is the tens digit of 16057?
5
What is the units digit of 1122?
2
What is the thousands digit of 9516?
9
What is the units digit of 884?
4
What is the tens digit of 2684?
8
What is the hundreds digit of 3631?
6
What is the hundreds digit of 7050?
0
What is the thousands digit of 4949?
4
What is the units digit of 7230?
0
What is the tens digit of 1790?
9
What is the hundreds digit of 13772?
7
What is the tens digit of 941?
4
What is the tens digit of 6216?
1
What is the hundreds digit of 1271?
2
What is the tens digit of 584?
8
What is the tens digit of 6294?
9
What is the thousands digit of 1297?
1
What is the tens digit of 9563?
6
What is the thousands digit of 34828?
4
What is the thousands digit of 54703?
4
What is the tens digit of 523?
2
What is the hundreds digit of 8951?
9
What is the hundreds digit of 5431?
4
What is the ten thousands digit of 13867?
1
What is the thousands digit of 2431?
2
What is the tens digit of 9737?
3
What is the thousands digit of 16966?
6
What is the thousands digit of 200047?
0
What is the tens digit of 14953?
5
What is the ten thousands digit of 118481?
1
What is the thousands digit of 11650?
1
What is the units digit of 74769?
9
What is the thousands digit of 8673?
8
What is the thousands digit of 8586?
8
What is the hundreds digit of 26475?
4
What is the thousands digit of 31826?
1
What is the thousands digit of 1196?
1
What is the hundreds digit of 15611?
6
What is the tens digit of 1659?
5
What is the thousands digit of 1218?
1
What is the thousands digit of 30181?
0
What is the hundreds digit of 42229?
2
What is the thousands digit of 31444?
1
What is the ten thousands digit of 16972?
1
What is the thousands digit of 1044?
1
What is the units digit of 1353?
3
What is the tens digit of 10665?
6
What is the tens digit of 11703?
0
What is the hundreds digit of 134250?
2
What is the units digit of 543?
3
What is the thousands digit of 3900?
3
What is the tens digit of 1769?
6
What is the thousands digit of 13234?
3
What is the hundreds digit of 33614?
6
What is the tens digit of 2628?
2
What is the tens digit of 6990?
9
What is the hundreds digit of 724?
7
What is the units digit of 5089?
9
What is the hundreds digit of 98274?
2
What is the tens digit of 1855?
5
What is the hundreds digit of 896?
8
What is the thousands digit of 14869?
4
What is the units digit of 263?
3
What is the units digit of 6551?
1
What is the units digit of 1854?
4
What is the thousands digit of 126297?
6
What is the hundreds digit of 45712?
7
What is the thousands digit of 2065?
2
What is the hundreds digit of 935?
9
What is the hundreds digit of 14865?
8
What is the hundreds digit of 4220?
2
What is the thousands digit of 64324?
4
What is the units digit of 3245?
5
What is the tens digit of 41649?
4
What is the hundreds digit of 23595?
5
What is the hundreds digit of 9978?
9
What is the thousands digit of 18165?
8
What is the units digit of 565?
5
What is the hundreds digit of 10466?
4
What is the thousands digit of 1758?
1
What is the hundred thousands digit of 117373?
1
What is the thousands digit of 62852?
2
What is the tens digit of 10181?
8
What is the thousands digit of 10791?
0
What is the tens digit of 7363?
6
What is the tens digit of 59?
5
What is the tens digit of 2956?
5
What is the thousands digit of 5459?
5
What is the hundreds digit of 400?
4
What is the tens digit of 67?
6
What is the thousands digit of 1028?
1
What is the units digit of 30174?
4
What is the tens digit of 9203?
0
What is the tens digit of 2499?
9
What is the hundreds digit of 358?
3
What is the thousands 